e j(f).
-1
Let n be 2/3 + 70/(-6). Let g = n - -19. Let j = -12 + g. Let o(k) = -k**2 - 2*k + 5. Calculate o(j).
-3
Let i(j) = -j**2 + 2*j + 2. Let k be 1/(-3) - (-30)/9. Determine i(k).
-1
Suppose y - 2 = 3. Let o(k) = 2*k - 4*k + k + 9. What is o(y)?
4
Let g(s) = s - 1. Let t(f) be the first derivative of f**3/3 + 9*f**2/2 + f + 2. Let w be t(-9). Determine g(w).
0
Let b(g) = 4*g**2 + 3*g - 1. Let l(c) = 3*c**2 + 2*c - 1. Let r(d) = 4*b(d) - 6*l(d). What is r(3)?
-16
Let u(i) = i - 3. Suppose -3*f + 18 = -0*f. Suppose -y - x + f = 0, 0*y - 16 = -2*y + 2*x. Determine u(y).
4
Let l(u) = -13*u - 2. Suppose 0 = -4*t - 8. Give l(t).
24
Let b(c) = -1 - 3*c + 3*c**2 + 5 - 5*c**3 - 2 + 5*c. Let a(p) = -4*p**3 + 4*p**2 + 2*p + 3. Let q(d) = 3*a(d) - 4*b(d). What is q(1)?
7
Let u be (1/3)/((-8)/72). Let x(d) = -2*d - 1. Let j(y) be the second derivative of -2*y**3/3 - y**2 - y. Let g(n) = 4*j(n) - 7*x(n). Calculate g(u).
5
Let m = 10 + -10. Let a(j) = -j + 1. Let w(c) = 5*c - 1. Let t(p) = 6*a(p) + w(p). Determine t(m).
5
Let c(l) be the third derivative of 0*l + 5/24*l**4 + 0 - 1/120*l**6 - 1/2*l**3 - 5*l**2 + 1/15*l**5. Give c(5).
-3
Let w be (1/(-3))/((-2)/36). Let o(u) = -6*u - 6. Let f(t) = 5*t + 5. Let l(c) = w*o(c) + 7*f(c). Calculate l(-1).
0
Suppose 2*d - 2 = -2*x, 2*d + 0*d + 4*x = 8. Let q = d - -4. Suppose -q*b - 2*u = -2, b = -u + 6*u + 1. Let s(o) = 3*o**3 + 2*o**2 - 1. What is s(b)?
4
Let v(i) be the third derivative of i**4/6 + 7*i**3/6 + 26*i**2. What is v(-5)?
-13
Let l(k) = k**3 - 6*k**2 - 6*k - 7. Let m(b) = b**3 + 9*b**2 + 7*b - 1. Let v be m(-8). Calculate l(v).
0
Let u be 10*((-84)/10)/(-3). Let c = -20 + u. Suppose -c*f - 12 = -4*f. Let s(t) = -t**3 - 3*t**2 - t + 3. Determine s(f).
6
Let o(i) = -3*i**2 - 2*i**2 - i + i**3 + 3 + 0*i + 4*i. Determine o(4).
-1
Let k(p) be the first derivative of p**4/12 + 7*p**3/6 + 5*p**2/2 - 2*p - 1. Let r(d) be the first derivative of k(d). Suppose -12 + 37 = -5*j. Give r(j).
-5
Let j(q) be the second derivative of q**3/6 + q**2 - 8*q. What is j(5)?
7
Let u(t) be the third derivative of 3*t**2 + 0*t + 1/3*t**3 + 0 + 1/24*t**4. Calculate u(-3).
-1
Let h(p) = p**2 - 7*p + 3. Suppose -4*z + 21 - 1 = 0. Give h(z).
-7
Suppose v - 3*v + 30 = 2*x, 4*x = 2*v + 42. Suppose n - x = -2. Let w = n - 6. Let i(h) = h**2 - 3*h + 4. Calculate i(w).
8
Let z(u) be the first derivative of -u**4/2 + u**3/3 - u**2/2 - 2. Suppose -x - 17 = l + 2*l, 0 = l + 5. Let y(v) = v**2 + v - 1. Let f be y(x). What is z(f)?
-2
Suppose -z + 1 = 3. Let a be (z/(-3))/((-3)/(-18)). Suppose 11 = -3*l - a. Let x(y) = y**2 + 3*y - 1. Determine x(l).
9
Let s = 6 - 4. Let c be 1/s*2 - 4. Let p(b) = 4 - b**3 + 0 - 4*b**2 + 3*b + b**2. Calculate p(c).
-5
Let b(r) be the first derivative of r**2/2 + r - 1. Let l be 4 + -1*2*1. Let m = -2 + l. Determine b(m).
1
Let c(s) = 3*s - 2*s + 0*s**2 - s**2 + 13*s**2. Calculate c(-1).
11
Let z(l) = 2*l**3 + 10*l**2 - 8*l + 14. Let m(k) = k**3 + 5*k**2 - 4*k + 7. Let f(c) = 5*m(c) - 2*z(c). What is f(-6)?
-5
Let d(i) = -i**3 + 14*i**2 - 12*i - 4. Let p be d(13). Let m = 6 - p. Let v = m - -5. Let w(g) = g**2 - 2*g - 2. What is w(v)?
-2
Suppose -3*f = -3*b - 9, 33 = -5*b - 3*f - f. Let q(l) = -l**3 - 5*l**2 - l + 1. Determine q(b).
6
Let p(a) = a**3 + 4*a**2 - 8*a - 7. Let w be p(-5). Let n = w - 5. Let u(l) = n*l + 3*l + l**2 + 1 + 5. Give u(-5).
1
Let c(k) be the third derivative of -k**5/60 - k**4/12 + k**3/6 + 2*k**2. Let v(p) = 2*p + 6. Let a be v(-4). What is c(a)?
1
Suppose -4*v + 4 = -2*m, m + 2*v = -3*v + 5. Let j be (-2 - -2) + (-4)/(-2). Let a(n) = -18*n**2 + 7 + 18*n**j - n**3 - n. Calculate a(m).
7
Let l(i) be the second derivative of -i**4/4 - i**3 - 13*i**2/2 - 2*i. Let m(a) = -6 - a - a**2 + 2 - a. Let s(o) = -2*l(o) + 7*m(o). Determine s(-4).
-10
Let s = -7 + 5. Let o be 96/44 - s/(-11). Let v(k) = -5*k. Give v(o).
-10
Let r(h) = -h**3 - 5*h**2 - 3*h. Let x(s) be the third derivative of -s**4/24 - 2*s**3/3 + s**2. Let o(k) = k + 10. Let m be o(-10). Let v be x(m). Give r(v).
-4
Let z(n) = n**2 + 7*n + 3. Suppose -3*v + 33 = -5*u, -4*v = -4*u + v - 29. Calculate z(u).
-3
Let x(y) = 0 + 2 + 4*y**2 - y**3 + 2*y**3 - 4. Let w(z) = -3*z + 1. Let u be w(1). Give x(u).
6
Let t be ((-8)/(-6))/((-1)/3). Let h(w) be the third derivative of w**6/120 + w**5/10 + 7*w**4/24 + 5*w**3/6 + 2*w**2. Determine h(t).
9
Let u = -58 - -55. Let z(t) = -5*t - 3. What is z(u)?
12
Suppose 0*k - 4*w + 4 = -4*k, 0 = 5*w - 5. Suppose -4*t + 2*c + 26 = k, t - 35 = 3*c - 16. Let q(z) = 8 + 3*z - t*z + 0. What is q(0)?
8
Let c(g) = -5*g + 12. Let j(i) = -9*i + 23. Let s(w) = -11*c(w) + 6*j(w). Determine s(-6).
0
Let w(f) = -5*f - 1. Let u(r) = -10*r - 2. Let m(z) = 6*u(z) - 13*w(z). Calculate m(2).
11
Let z(g) = -3*g + 3 + g**2 + g - 6. Let f be 2/(-6) + (-20)/(-6). Suppose -2 + 24 = 2*v + 4*j, 4*v - 24 = -f*j. Determine z(v).
0
Let u(b) = b**2 - 7*b - 5. Let k(n) = -2*n**2 + 13*n + 11. Let w(q) = 2*k(q) + 5*u(q). What is w(9)?
-3
Let j(w) = w**3 - 4*w**2 - 1. Let u(h) = -h - 1. Let p(s) = -j(s) - 5*u(s). Determine p(5).
6
Let n(o) = 10*o - 1. Let l(q) = -21*q + 1. Let m(h) = -2*l(h) - 5*n(h). Let k(j) = 9*j - 4. Let s(c) = -3*k(c) - 4*m(c). Calculate s(-1).
-5
Let v(f) = -2 + f + 3 - 3 - 6. Let z be v(7). Let o(p) = 2*p**2 + 1. Give o(z).
3
Suppose -3 = -d + 1. Let k(c) = -15*c + 13. Let q(h) = 8*h - 7. Let f(m) = 6*k(m) + 11*q(m). Calculate f(d).
-7
Let f(u) be the third derivative of -1/24*u**4 + 0*u**3 + 0*u + 1/120*u**6 + 0 - 4*u**2 - 1/20*u**5. Calculate f(2).
-6
Let h(p) = -2*p - 2. Let k be h(-2). Let a be 2 + -1 - 12/k. Let y(o) = o + 0*o - 2*o + 5. What is y(a)?
10
Let o(p) = 2*p**3 - 7*p**2 - 2*p + 5. Let b(i) = i**3 - 3*i**2 - i + 3. Let v(x) = 9*b(x) - 4*o(x). Let t be 2/(-11) - (-1 + (-27)/(-33)). What is v(t)?
7
Let k(b) = 2*b - 5. Let i be k(4). Let y(s) = 8*s**2 + s + 2*s - 4 - 9*s**2. Determine y(i).
-4
Let j(b) = -12*b - 1. Let v be (3 - 0) + 2/(-2). Suppose -c - 2*n = -3, -4*c + 0 - v = n. What is j(c)?
11
Let x(f) = f**3 + 5*f**2 + f - 4. Let j = -24 - -84. Suppose 0 = -6*s + s + j. Let r = s - 17. Determine x(r).
-9
Let p(a) be the third derivative of -a**4/12 - a**3/6 - a**2. Let m be 4/(-18) + (-423)/(-81). Suppose 2*i = g + i, 4*g - m*i - 2 = 0. Determine p(g).
3
Let q(x) = 7*x**3 + 4*x - 1. Let j(w) be the third derivative of -7*w**6/30 - 17*w**4/24 + 2*w**3/3 - 5*w**2. Let b(m) = 2*j(m) + 9*q(m). What is b(1)?
8
Let m(z) = -3 + z**2 + 6 + 2*z - 2*z - 5*z. Let b be 2 - 0/3 - -2. Calculate m(b).
-1
Let z(a) = -2*a**2 + 2*a + 2. Let g be (-4)/3*(-3)/2. Suppose g = -5*n - 8. Calculate z(n).
-10
Let h(z) = -3*z + 9. Let b(q) = 2*q - 5. Let i(o) = -9*b(o) - 5*h(o). What is i(-4)?
12
Let d(x) = x**3 + x**2 - 1. Let u = -19 - -8. Let q(b) = b**3 + 12*b**2 + 11*b. Let m be q(u). Give d(m).
-1
Let q be (-14)/(-3) + (-8)/12. Let p(v) be the first derivative of -v**5/120 + v**3 - 2. Let x(j) be the third derivative of p(j). Determine x(q).
-4
Let k be 2 + -1 - 0/1. Let c be (0 - k)*-3 + -5. Let p(h) = -h**2 - 3*h. Let w(f) = f**2 - f - 1. Let u(n) = p(n) - 2*w(n). Determine u(c).
-8
Let x(w) = w**2 - 1. Let j = 3 + -1. Let r be ((-1)/(-2) + 0)*j. Give x(r).
0
Let o(b) = -b + 1. Let p be o(-2). Let r(j) = 10*j**3 + 4*j**2 - 3*j + 3. Let z(m) = m**3 + m**2 - m + 1. Let h(d) = p*z(d) - r(d). Calculate h(1).
-8
Let v = -11 + 24. Suppose -4*x = 2*w - 2, x = -4*w + w + v. Let k(j) = w + j - 2*j + 2 - 3. Calculate k(4).
0
Let d(f) = f**3 - 2*f**2 - 1. Let i(s) = -s**3 - 5*s**2 - 4*s + 2. Let x = -5 + 0. Let k = x + 1. Let m be i(k). Give d(m).
-1
Let m(c) be the third derivative of -c**5/60 - c**4/4 + c**3/3 - 15*c**2. Calculate m(-5).
7
Let c(l) be the first derivative of 0*l - 1/12*l**4 + 0*l**2 - 1/24*l**5 - l**3 - 1/360*l**6 + 3. Let y(a) be the third derivative of c(a). Give y(-4).
2
Let t(o) = -2*o - 3. Let q(p) = -2*p - 2. Let r(i) = 5*q(i) - 4*t(i). Suppose -2*g = g + 6. Give r(g).
6
Let l(s) be the second derivative of -s**4/12 + 3*s**2/2 + 8*s. What is l(-3)?
-6
Let n(i) be the first derivative of i**4/4 - i**3/3 + i**2 - 3*i + 2. Let j = -10 + 12. What is n(j)?
5
Let v(l) = l**2 + l - 3. Let m(u) = -4*u**2 - 4*u + 10. Let k be (3/1 - 1)/(-1). Let p(o) = k*m(o) - 7*v(o). Let j be (-10)/3 + 4/(-